{"id":300,"date":"2022-09-12T09:26:17","date_gmt":"2022-09-12T09:26:17","guid":{"rendered":"https:\/\/theroadtoglenlough.com\/?page_id=300"},"modified":"2024-03-29T06:41:33","modified_gmt":"2024-03-29T06:41:33","slug":"bonnie-prince-charlie","status":"publish","type":"page","link":"https:\/\/theroadtoglenlough.com\/irish\/famous-visitors\/bonnie-prince-charlie\/","title":{"rendered":"An Prionsa S\u00e9arlas"},"content":{"rendered":"<div data-elementor-type=\"wp-page\" data-elementor-id=\"300\" class=\"elementor elementor-300\" data-elementor-post-type=\"page\">\n\t\t\t\t\t\t<section class=\"elementor-section elementor-top-section elementor-element elementor-element-2f05505 elementor-section-height-min-height elementor-section-boxed elementor-section-height-default elementor-section-items-middle\" data-id=\"2f05505\" data-element_type=\"section\" data-settings=\"{&quot;background_background&quot;:&quot;classic&quot;}\">\n\t\t\t\t\t\t\t<div class=\"elementor-background-overlay\"><\/div>\n\t\t\t\t\t\t\t<div class=\"elementor-container elementor-column-gap-default\">\n\t\t\t\t\t<div class=\"elementor-column elementor-col-100 elementor-top-column elementor-element elementor-element-95184ea\" data-id=\"95184ea\" data-element_type=\"column\">\n\t\t\t<div class=\"elementor-widget-wrap elementor-element-populated\">\n\t\t\t\t\t\t<div class=\"elementor-element elementor-element-f40de29 elementor-widget elementor-widget-heading\" data-id=\"f40de29\" data-element_type=\"widget\" data-widget_type=\"heading.default\">\n\t\t\t\t<div class=\"elementor-widget-container\">\n\t\t\t\t\t<h1 class=\"elementor-heading-title elementor-size-default\">An Prionsa S\u00e9arlas<\/h1>\t\t\t\t<\/div>\n\t\t\t\t<\/div>\n\t\t\t\t\t<\/div>\n\t\t<\/div>\n\t\t\t\t\t<\/div>\n\t\t<\/section>\n\t\t\t\t<section class=\"elementor-section elementor-top-section elementor-element elementor-element-1ce8286 elementor-reverse-tablet elementor-reverse-mobile elementor-section-boxed elementor-section-height-default elementor-section-height-default\" data-id=\"1ce8286\" data-element_type=\"section\">\n\t\t\t\t\t\t<div class=\"elementor-container elementor-column-gap-default\">\n\t\t\t\t\t<div class=\"elementor-column elementor-col-50 elementor-top-column elementor-element elementor-element-466205f\" data-id=\"466205f\" data-element_type=\"column\">\n\t\t\t<div class=\"elementor-widget-wrap elementor-element-populated\">\n\t\t\t\t\t\t<div class=\"elementor-element elementor-element-8de07fc elementor-widget elementor-widget-heading\" data-id=\"8de07fc\" data-element_type=\"widget\" data-widget_type=\"heading.default\">\n\t\t\t\t<div class=\"elementor-widget-container\">\n\t\t\t\t\t<h2 class=\"elementor-heading-title elementor-size-default\">An Prionsa S\u00e9arlas<\/h2>\t\t\t\t<\/div>\n\t\t\t\t<\/div>\n\t\t\t\t<div class=\"elementor-element elementor-element-639a438 elementor-widget-divider--view-line_icon elementor-widget-divider--element-align-left elementor-view-default elementor-widget elementor-widget-divider\" data-id=\"639a438\" data-element_type=\"widget\" data-widget_type=\"divider.default\">\n\t\t\t\t<div class=\"elementor-widget-container\">\n\t\t\t\t\t\t\t<div class=\"elementor-divider\">\n\t\t\t<span class=\"elementor-divider-separator\">\n\t\t\t\t\t\t\t<div class=\"elementor-icon elementor-divider__element\">\n\t\t\t\t\t<i aria-hidden=\"true\" class=\"fas fa-square-full\"><\/i><\/div>\n\t\t\t\t\t\t<\/span>\n\t\t<\/div>\n\t\t\t\t\t\t<\/div>\n\t\t\t\t<\/div>\n\t\t\t\t<div class=\"elementor-element elementor-element-6f32fb0 elementor-widget elementor-widget-text-editor\" data-id=\"6f32fb0\" data-element_type=\"widget\" data-widget_type=\"text-editor.default\">\n\t\t\t\t<div class=\"elementor-widget-container\">\n\t\t\t\t\t\t\t\t\t<p>T\u00e1 s\u00e9 r\u00e1ite gur fhan an Prionsa S\u00e9arlas \u00c9adbhard St\u00edobhard n\u00f3 Bonnie Prince Charlie i bhfolach i bpar\u00f3iste Ghleann Cholm Cille sa bhliain 1746. Bh\u00ed an Prionsa ar a theitheadh i ndiaidh theip ar a \u00e9ir\u00ed amach sa Bhreatain agus \u00e9 ag d\u00e9anamh iarracht an r\u00edchathaoir a fh\u00e1il ar ais d\u00e1 theaghlach St\u00edobhard. Thart faoin am c\u00e9anna, th\u00e1inig strains\u00e9ir le giolla coimhdeachta go Gleann Locha don ch\u00e9ad uair. D\u2019fh\u00e1g s\u00e9 an cuan c\u00falr\u00e1ideach thart ar mh\u00ed ina dhiaidh sin, ar long Fhrancach, gan \u00e9 f\u00e9in a chur in aithne le linn a chuairte. I ndiaidh d\u00f3 imeacht agus ar shroich sc\u00e9al an \u00e9ir\u00ed amach an phar\u00f3iste iarg\u00falta faoi dheireadh, n\u00ed raibh s\u00e9 i bhfad gur thuig muintir na h\u00e1ite go raibh l\u00e1ithreacht r\u00edoga ina measc. Rinne reachtaire na par\u00f3iste, Valentine Poole Griffith, sc\u00e9alta an phrionsa sa cheantar a thaifeadadh i litir fhada mhionsonraithe chuig a ardeaspag i mBaile \u00c1tha Cliath, c\u00e9ad bliain ina dhiaidh sin. T\u00e1 a ainm anois tugtha ar cheithre ghn\u00e9 ch\u00f3sta i nGleann Cholm Cille, lena n-\u00e1ir\u00edtear Camas an Phrionsa Charlie ag bun Gleann Locha.<\/p>\t\t\t\t\t\t\t\t<\/div>\n\t\t\t\t<\/div>\n\t\t\t\t<div class=\"elementor-element elementor-element-7e13c88 elementor-tablet-align-center elementor-widget elementor-widget-button\" data-id=\"7e13c88\" data-element_type=\"widget\" data-widget_type=\"button.default\">\n\t\t\t\t<div class=\"elementor-widget-container\">\n\t\t\t\t\t\t\t\t\t<div class=\"elementor-button-wrapper\">\n\t\t\t\t\t<a class=\"elementor-button elementor-button-link elementor-size-sm\" href=\"https:\/\/theroadtoglenlough.com\/irish\/contact\/\">\n\t\t\t\t\t\t<span class=\"elementor-button-content-wrapper\">\n\t\t\t\t\t\t<span class=\"elementor-button-icon\">\n\t\t\t\t<i aria-hidden=\"true\" class=\"icon icon-right-arrow2\"><\/i>\t\t\t<\/span>\n\t\t\t\t\t\t\t\t\t<span class=\"elementor-button-text\">Teagmh\u00e1il<\/span>\n\t\t\t\t\t<\/span>\n\t\t\t\t\t<\/a>\n\t\t\t\t<\/div>\n\t\t\t\t\t\t\t\t<\/div>\n\t\t\t\t<\/div>\n\t\t\t\t\t<\/div>\n\t\t<\/div>\n\t\t\t\t<div class=\"elementor-column elementor-col-50 elementor-top-column elementor-element elementor-element-05de28e\" data-id=\"05de28e\" data-element_type=\"column\">\n\t\t\t<div class=\"elementor-widget-wrap elementor-element-populated\">\n\t\t\t\t\t\t<section class=\"elementor-section elementor-inner-section elementor-element elementor-element-da117ad elementor-section-boxed elementor-section-height-default elementor-section-height-default\" data-id=\"da117ad\" data-element_type=\"section\">\n\t\t\t\t\t\t<div class=\"elementor-container elementor-column-gap-default\">\n\t\t\t\t\t<div class=\"elementor-column elementor-col-100 elementor-inner-column elementor-element elementor-element-02663da\" data-id=\"02663da\" data-element_type=\"column\">\n\t\t\t<div class=\"elementor-widget-wrap elementor-element-populated\">\n\t\t\t\t\t\t<div class=\"elementor-element elementor-element-89f5c58 elementor-widget elementor-widget-image\" data-id=\"89f5c58\" data-element_type=\"widget\" data-widget_type=\"image.default\">\n\t\t\t\t<div class=\"elementor-widget-container\">\n\t\t\t\t\t\t\t\t\t\t\t\t\t\t\t<img fetchpriority=\"high\" decoding=\"async\" width=\"1848\" height=\"2560\" src=\"https:\/\/theroadtoglenlough.com\/wp-content\/uploads\/2022\/09\/Prince-Charles-Edward-Stuart-Mid-18th-C.-based-on-a-work-of-1748-after-Quentin-de-La-Tour.-Pastel-NPGL-scaled.jpg\" class=\"attachment-full size-full wp-image-200\" alt=\"\" srcset=\"https:\/\/theroadtoglenlough.com\/wp-content\/uploads\/2022\/09\/Prince-Charles-Edward-Stuart-Mid-18th-C.-based-on-a-work-of-1748-after-Quentin-de-La-Tour.-Pastel-NPGL-scaled.jpg 1848w, https:\/\/theroadtoglenlough.com\/wp-content\/uploads\/2022\/09\/Prince-Charles-Edward-Stuart-Mid-18th-C.-based-on-a-work-of-1748-after-Quentin-de-La-Tour.-Pastel-NPGL-217x300.jpg 217w, https:\/\/theroadtoglenlough.com\/wp-content\/uploads\/2022\/09\/Prince-Charles-Edward-Stuart-Mid-18th-C.-based-on-a-work-of-1748-after-Quentin-de-La-Tour.-Pastel-NPGL-739x1024.jpg 739w, https:\/\/theroadtoglenlough.com\/wp-content\/uploads\/2022\/09\/Prince-Charles-Edward-Stuart-Mid-18th-C.-based-on-a-work-of-1748-after-Quentin-de-La-Tour.-Pastel-NPGL-768x1064.jpg 768w, https:\/\/theroadtoglenlough.com\/wp-content\/uploads\/2022\/09\/Prince-Charles-Edward-Stuart-Mid-18th-C.-based-on-a-work-of-1748-after-Quentin-de-La-Tour.-Pastel-NPGL-1109x1536.jpg 1109w, https:\/\/theroadtoglenlough.com\/wp-content\/uploads\/2022\/09\/Prince-Charles-Edward-Stuart-Mid-18th-C.-based-on-a-work-of-1748-after-Quentin-de-La-Tour.-Pastel-NPGL-1479x2048.jpg 1479w\" sizes=\"(max-width: 1848px) 100vw, 1848px\" \/>\t\t\t\t\t\t\t\t\t\t\t\t\t\t\t<\/div>\n\t\t\t\t<\/div>\n\t\t\t\t\t<\/div>\n\t\t<\/div>\n\t\t\t\t\t<\/div>\n\t\t<\/section>\n\t\t\t\t\t<\/div>\n\t\t<\/div>\n\t\t\t\t\t<\/div>\n\t\t<\/section>\n\t\t\t\t<\/div>","protected":false},"excerpt":{"rendered":"<p>Bonnie Prince Charlie Bonnie Prince Charlie Prince Charles Edward Stuart or Bonnie Prince Charlie is reputed to have hidden out in the parish of Glencolmcille in 1746. The prince was on the run following his failed uprising in Britain where he had attempted to regain the throne for his Stuart family. Around this very same [&hellip;]<\/p>","protected":false},"author":1,"featured_media":0,"parent":109,"menu_order":0,"comment_status":"closed","ping_status":"closed","template":"elementor_header_footer","meta":{"ocean_post_layout":"full-width","ocean_both_sidebars_style":"","ocean_both_sidebars_content_width":0,"ocean_both_sidebars_sidebars_width":0,"ocean_sidebar":"0","ocean_second_sidebar":"0","ocean_disable_margins":"enable","ocean_add_body_class":"","ocean_shortcode_before_top_bar":"","ocean_shortcode_after_top_bar":"","ocean_shortcode_before_header":"","ocean_shortcode_after_header":"","ocean_has_shortcode":"","ocean_shortcode_after_title":"","ocean_shortcode_before_footer_widgets":"","ocean_shortcode_after_footer_widgets":"","ocean_shortcode_before_footer_bottom":"","ocean_shortcode_after_footer_bottom":"","ocean_display_top_bar":"default","ocean_display_header":"default","ocean_header_style":"","ocean_center_header_left_menu":"0","ocean_custom_header_template":"0","ocean_custom_logo":0,"ocean_custom_retina_logo":0,"ocean_custom_logo_max_width":0,"ocean_custom_logo_tablet_max_width":0,"ocean_custom_logo_mobile_max_width":0,"ocean_custom_logo_max_height":0,"ocean_custom_logo_tablet_max_height":0,"ocean_custom_logo_mobile_max_height":0,"ocean_header_custom_menu":"0","ocean_menu_typo_font_family":"0","ocean_menu_typo_font_subset":"","ocean_menu_typo_font_size":0,"ocean_menu_typo_font_size_tablet":0,"ocean_menu_typo_font_size_mobile":0,"ocean_menu_typo_font_size_unit":"px","ocean_menu_typo_font_weight":"","ocean_menu_typo_font_weight_tablet":"","ocean_menu_typo_font_weight_mobile":"","ocean_menu_typo_transform":"","ocean_menu_typo_transform_tablet":"","ocean_menu_typo_transform_mobile":"","ocean_menu_typo_line_height":0,"ocean_menu_typo_line_height_tablet":0,"ocean_menu_typo_line_height_mobile":0,"ocean_menu_typo_line_height_unit":"","ocean_menu_typo_spacing":0,"ocean_menu_typo_spacing_tablet":0,"ocean_menu_typo_spacing_mobile":0,"ocean_menu_typo_spacing_unit":"","ocean_menu_link_color":"","ocean_menu_link_color_hover":"","ocean_menu_link_color_active":"","ocean_menu_link_background":"","ocean_menu_link_hover_background":"","ocean_menu_link_active_background":"","ocean_menu_social_links_bg":"","ocean_menu_social_hover_links_bg":"","ocean_menu_social_links_color":"","ocean_menu_social_hover_links_color":"","ocean_disable_title":"default","ocean_disable_heading":"default","ocean_post_title":"","ocean_post_subheading":"","ocean_post_title_style":"","ocean_post_title_background_color":"","ocean_post_title_background":0,"ocean_post_title_bg_image_position":"","ocean_post_title_bg_image_attachment":"","ocean_post_title_bg_image_repeat":"","ocean_post_title_bg_image_size":"","ocean_post_title_height":0,"ocean_post_title_bg_overlay":0.5,"ocean_post_title_bg_overlay_color":"","ocean_disable_breadcrumbs":"default","ocean_breadcrumbs_color":"","ocean_breadcrumbs_separator_color":"","ocean_breadcrumbs_links_color":"","ocean_breadcrumbs_links_hover_color":"","ocean_display_footer_widgets":"default","ocean_display_footer_bottom":"default","ocean_custom_footer_template":"0","footnotes":""},"class_list":["post-300","page","type-page","status-publish","hentry","entry"],"yoast_head":"<!-- This site is optimized with the Yoast SEO plugin v25.5 - https:\/\/yoast.com\/wordpress\/plugins\/seo\/ -->\n<title>Bonnie Prince Charlie - The Road To Glenlough<\/title>\n<meta name=\"robots\" content=\"index, follow, max-snippet:-1, max-image-preview:large, max-video-preview:-1\" \/>\n<link rel=\"canonical\" href=\"https:\/\/theroadtoglenlough.com\/irish\/famous-visitors\/bonnie-prince-charlie\/\" \/>\n<meta property=\"og:locale\" content=\"en_US\" \/>\n<meta property=\"og:type\" content=\"article\" \/>\n<meta property=\"og:title\" content=\"Bonnie Prince Charlie - The Road To Glenlough\" \/>\n<meta property=\"og:description\" content=\"Bonnie Prince Charlie Bonnie Prince Charlie Prince Charles Edward Stuart or Bonnie Prince Charlie is reputed to have hidden out in the parish of Glencolmcille in 1746. The prince was on the run following his failed uprising in Britain where he had attempted to regain the throne for his Stuart family. Around this very same [&hellip;]\" \/>\n<meta property=\"og:url\" content=\"https:\/\/theroadtoglenlough.com\/irish\/famous-visitors\/bonnie-prince-charlie\/\" \/>\n<meta property=\"og:site_name\" content=\"The Road To Glenlough\" \/>\n<meta property=\"article:modified_time\" content=\"2024-03-29T06:41:33+00:00\" \/>\n<meta property=\"og:image\" content=\"http:\/\/theroadtoglenlough.com\/wp-content\/uploads\/2022\/09\/Prince-Charles-Edward-Stuart-Mid-18th-C.-based-on-a-work-of-1748-after-Quentin-de-La-Tour.-Pastel-NPGL-scaled.jpg\" \/>\n<meta name=\"twitter:card\" content=\"summary_large_image\" \/>\n<meta name=\"twitter:label1\" content=\"Est. reading time\" \/>\n\t<meta name=\"twitter:data1\" content=\"1 minute\" \/>\n<script type=\"application\/ld+json\" class=\"yoast-schema-graph\">{\"@context\":\"https:\/\/schema.org\",\"@graph\":[{\"@type\":\"WebPage\",\"@id\":\"https:\/\/theroadtoglenlough.com\/famous-visitors\/bonnie-prince-charlie\/\",\"url\":\"https:\/\/theroadtoglenlough.com\/famous-visitors\/bonnie-prince-charlie\/\",\"name\":\"Bonnie Prince Charlie - The Road To Glenlough\",\"isPartOf\":{\"@id\":\"https:\/\/theroadtoglenlough.com\/#website\"},\"primaryImageOfPage\":{\"@id\":\"https:\/\/theroadtoglenlough.com\/famous-visitors\/bonnie-prince-charlie\/#primaryimage\"},\"image\":{\"@id\":\"https:\/\/theroadtoglenlough.com\/famous-visitors\/bonnie-prince-charlie\/#primaryimage\"},\"thumbnailUrl\":\"http:\/\/theroadtoglenlough.com\/wp-content\/uploads\/2022\/09\/Prince-Charles-Edward-Stuart-Mid-18th-C.-based-on-a-work-of-1748-after-Quentin-de-La-Tour.-Pastel-NPGL-scaled.jpg\",\"datePublished\":\"2022-09-12T09:26:17+00:00\",\"dateModified\":\"2024-03-29T06:41:33+00:00\",\"breadcrumb\":{\"@id\":\"https:\/\/theroadtoglenlough.com\/famous-visitors\/bonnie-prince-charlie\/#breadcrumb\"},\"inLanguage\":\"gd\",\"potentialAction\":[{\"@type\":\"ReadAction\",\"target\":[\"https:\/\/theroadtoglenlough.com\/famous-visitors\/bonnie-prince-charlie\/\"]}]},{\"@type\":\"ImageObject\",\"inLanguage\":\"gd\",\"@id\":\"https:\/\/theroadtoglenlough.com\/famous-visitors\/bonnie-prince-charlie\/#primaryimage\",\"url\":\"http:\/\/theroadtoglenlough.com\/wp-content\/uploads\/2022\/09\/Prince-Charles-Edward-Stuart-Mid-18th-C.-based-on-a-work-of-1748-after-Quentin-de-La-Tour.-Pastel-NPGL-scaled.jpg\",\"contentUrl\":\"http:\/\/theroadtoglenlough.com\/wp-content\/uploads\/2022\/09\/Prince-Charles-Edward-Stuart-Mid-18th-C.-based-on-a-work-of-1748-after-Quentin-de-La-Tour.-Pastel-NPGL-scaled.jpg\"},{\"@type\":\"BreadcrumbList\",\"@id\":\"https:\/\/theroadtoglenlough.com\/famous-visitors\/bonnie-prince-charlie\/#breadcrumb\",\"itemListElement\":[{\"@type\":\"ListItem\",\"position\":1,\"name\":\"Home\",\"item\":\"https:\/\/theroadtoglenlough.com\/\"},{\"@type\":\"ListItem\",\"position\":2,\"name\":\"Famous Visitors\",\"item\":\"https:\/\/theroadtoglenlough.com\/famous-visitors\/\"},{\"@type\":\"ListItem\",\"position\":3,\"name\":\"Bonnie Prince Charlie\"}]},{\"@type\":\"WebSite\",\"@id\":\"https:\/\/theroadtoglenlough.com\/#website\",\"url\":\"https:\/\/theroadtoglenlough.com\/\",\"name\":\"The Road To Glenlough\",\"description\":\"A Story As Majestic As The Valley\",\"potentialAction\":[{\"@type\":\"SearchAction\",\"target\":{\"@type\":\"EntryPoint\",\"urlTemplate\":\"https:\/\/theroadtoglenlough.com\/?s={search_term_string}\"},\"query-input\":{\"@type\":\"PropertyValueSpecification\",\"valueRequired\":true,\"valueName\":\"search_term_string\"}}],\"inLanguage\":\"gd\"}]}<\/script>\n<!-- \/ Yoast SEO plugin. -->","yoast_head_json":{"title":"Bonnie Prince Charlie - The Road To Glenlough","robots":{"index":"index","follow":"follow","max-snippet":"max-snippet:-1","max-image-preview":"max-image-preview:large","max-video-preview":"max-video-preview:-1"},"canonical":"https:\/\/theroadtoglenlough.com\/irish\/famous-visitors\/bonnie-prince-charlie\/","og_locale":"en_US","og_type":"article","og_title":"Bonnie Prince Charlie - The Road To Glenlough","og_description":"Bonnie Prince Charlie Bonnie Prince Charlie Prince Charles Edward Stuart or Bonnie Prince Charlie is reputed to have hidden out in the parish of Glencolmcille in 1746. The prince was on the run following his failed uprising in Britain where he had attempted to regain the throne for his Stuart family. Around this very same [&hellip;]","og_url":"https:\/\/theroadtoglenlough.com\/irish\/famous-visitors\/bonnie-prince-charlie\/","og_site_name":"The Road To Glenlough","article_modified_time":"2024-03-29T06:41:33+00:00","og_image":[{"url":"http:\/\/theroadtoglenlough.com\/wp-content\/uploads\/2022\/09\/Prince-Charles-Edward-Stuart-Mid-18th-C.-based-on-a-work-of-1748-after-Quentin-de-La-Tour.-Pastel-NPGL-scaled.jpg","type":"","width":"","height":""}],"twitter_card":"summary_large_image","twitter_misc":{"Est. reading time":"1 minute"},"schema":{"@context":"https:\/\/schema.org","@graph":[{"@type":"WebPage","@id":"https:\/\/theroadtoglenlough.com\/famous-visitors\/bonnie-prince-charlie\/","url":"https:\/\/theroadtoglenlough.com\/famous-visitors\/bonnie-prince-charlie\/","name":"Bonnie Prince Charlie - The Road To Glenlough","isPartOf":{"@id":"https:\/\/theroadtoglenlough.com\/#website"},"primaryImageOfPage":{"@id":"https:\/\/theroadtoglenlough.com\/famous-visitors\/bonnie-prince-charlie\/#primaryimage"},"image":{"@id":"https:\/\/theroadtoglenlough.com\/famous-visitors\/bonnie-prince-charlie\/#primaryimage"},"thumbnailUrl":"http:\/\/theroadtoglenlough.com\/wp-content\/uploads\/2022\/09\/Prince-Charles-Edward-Stuart-Mid-18th-C.-based-on-a-work-of-1748-after-Quentin-de-La-Tour.-Pastel-NPGL-scaled.jpg","datePublished":"2022-09-12T09:26:17+00:00","dateModified":"2024-03-29T06:41:33+00:00","breadcrumb":{"@id":"https:\/\/theroadtoglenlough.com\/famous-visitors\/bonnie-prince-charlie\/#breadcrumb"},"inLanguage":"gd","potentialAction":[{"@type":"ReadAction","target":["https:\/\/theroadtoglenlough.com\/famous-visitors\/bonnie-prince-charlie\/"]}]},{"@type":"ImageObject","inLanguage":"gd","@id":"https:\/\/theroadtoglenlough.com\/famous-visitors\/bonnie-prince-charlie\/#primaryimage","url":"http:\/\/theroadtoglenlough.com\/wp-content\/uploads\/2022\/09\/Prince-Charles-Edward-Stuart-Mid-18th-C.-based-on-a-work-of-1748-after-Quentin-de-La-Tour.-Pastel-NPGL-scaled.jpg","contentUrl":"http:\/\/theroadtoglenlough.com\/wp-content\/uploads\/2022\/09\/Prince-Charles-Edward-Stuart-Mid-18th-C.-based-on-a-work-of-1748-after-Quentin-de-La-Tour.-Pastel-NPGL-scaled.jpg"},{"@type":"BreadcrumbList","@id":"https:\/\/theroadtoglenlough.com\/famous-visitors\/bonnie-prince-charlie\/#breadcrumb","itemListElement":[{"@type":"ListItem","position":1,"name":"Home","item":"https:\/\/theroadtoglenlough.com\/"},{"@type":"ListItem","position":2,"name":"Famous Visitors","item":"https:\/\/theroadtoglenlough.com\/famous-visitors\/"},{"@type":"ListItem","position":3,"name":"Bonnie Prince Charlie"}]},{"@type":"WebSite","@id":"https:\/\/theroadtoglenlough.com\/#website","url":"https:\/\/theroadtoglenlough.com\/","name":"The Road To Glenlough","description":"A Story As Majestic As The Valley","potentialAction":[{"@type":"SearchAction","target":{"@type":"EntryPoint","urlTemplate":"https:\/\/theroadtoglenlough.com\/?s={search_term_string}"},"query-input":{"@type":"PropertyValueSpecification","valueRequired":true,"valueName":"search_term_string"}}],"inLanguage":"gd"}]}},"_links":{"self":[{"href":"https:\/\/theroadtoglenlough.com\/irish\/wp-json\/wp\/v2\/pages\/300","targetHints":{"allow":["GET"]}}],"collection":[{"href":"https:\/\/theroadtoglenlough.com\/irish\/wp-json\/wp\/v2\/pages"}],"about":[{"href":"https:\/\/theroadtoglenlough.com\/irish\/wp-json\/wp\/v2\/types\/page"}],"author":[{"embeddable":true,"href":"https:\/\/theroadtoglenlough.com\/irish\/wp-json\/wp\/v2\/users\/1"}],"replies":[{"embeddable":true,"href":"https:\/\/theroadtoglenlough.com\/irish\/wp-json\/wp\/v2\/comments?post=300"}],"version-history":[{"count":8,"href":"https:\/\/theroadtoglenlough.com\/irish\/wp-json\/wp\/v2\/pages\/300\/revisions"}],"predecessor-version":[{"id":934,"href":"https:\/\/theroadtoglenlough.com\/irish\/wp-json\/wp\/v2\/pages\/300\/revisions\/934"}],"up":[{"embeddable":true,"href":"https:\/\/theroadtoglenlough.com\/irish\/wp-json\/wp\/v2\/pages\/109"}],"wp:attachment":[{"href":"https:\/\/theroadtoglenlough.com\/irish\/wp-json\/wp\/v2\/media?parent=300"}],"curies":[{"name":"wp","href":"https:\/\/api.w.org\/{rel}","templated":true}]}}